base 4?
33223
15203 (base 6) to base 10
2451
What is 1046 (base 7) in base 16?
179
4864 (base 14) to base 5
401012
What is 20417 (base 10) in base 2?
100111111000001
23135 (base 8) to base 15
2d9b
What is -8226 (base 9) in base 3?
-22020220
Convert 74 (base 8) to base 15.
40
Convert 31867 (base 9) to base 6.
241441
3291 (base 11) to base 16
10ef
What is 17884 (base 10) in base 5?
1033014
5b81 (base 12) to base 14
3a93
-111000101 (base 2) to base 10
-453
1f4 (base 16) to base 12
358
Convert 827 (base 9) to base 12.
481
Convert 127385 (base 9) to base 6.
1355122
What is -12554 (base 7) in base 8?
-6453
Convert 14717 (base 8) to base 9.
10051
Convert -330231 (base 4) to base 12.
-22b9
-82440 (base 9) to base 16
-d422
Convert 6103 (base 14) to base 3.
211212011
Convert 1402433 (base 5) to base 9.
43068
-13203 (base 4) to base 2
-111100011
-1212221101 (base 3) to base 14
-d767
-11122 (base 5) to base 6
-3351
Convert -1151 (base 7) to base 3.
-120212
What is 5795 (base 16) in base 11?
15933
Convert -1eb (base 16) to base 10.
-491
What is 1061c (base 13) in base 5?
1421400
Convert -7a3b (base 13) to base 16.
-42df
11002212 (base 3) to base 12
1895
Convert 29728 (base 11) to base 13.
16245
Convert -3f96 (base 16) to base 6.
-203210
What is 155162 (base 7) in base 5?
1434440
11105 (base 11) to base 14
5c1c
Convert -1000100000 (base 2) to base 13.
-32b
728 (base 14) to base 2
10110000000
What is -1acc (base 15) in base 6?
-42533
Convert 6ab2 (base 16) to base 14.
9d50
1b02 (base 12) to base 13
167c
What is 20020210 (base 3) in base 11?
3473
Convert 21211 (base 4) to base 2.
1001100101
What is 13302 (base 14) in base 3?
2101210120
131a (base 12) to base 7
6235
Convert 7253 (base 10) to base 16.
1c55
Convert -20210102 (base 3) to base 6.
-34532
Convert -3676 (base 8) to base 10.
-1982
Convert -31000 (base 5) to base 10.
-2000
Convert -22131 (base 4) to base 8.
-1235
What is 18b53 (base 12) in base 11?
25226
Convert -646 (base 7) to base 6.
-1304
What is 957 (base 13) in base 5?
22333
What is 55606 (base 9) in base 2?
1001000001001110
What is 989 (base 15) in base 5?
32104
What is 201212 (base 3) in base 7?
1364
Convert 1031d (base 14) to base 16.
9877
What is -45a (base 12) in base 3?
-212221
What is 6886 (base 10) in base 16?
1ae6
31300 (base 4) to base 9
1177
3100 (base 4) to base 3
21201
What is -10547 (base 16) in base 2?
-10000010101000111
What is -1059 (base 16) in base 14?
-174d
What is 81664 (base 9) in base 6?
1052521
What is 31122 (base 4) in base 8?
1532
Convert 10100100021 (base 3) to base 7.
363004
Convert -1222112 (base 4) to base 5.
-204211
1370d (base 16) to base 12
3a0b9
What is 13424 (base 5) in base 6?
5054
Convert -112110 (base 3) to base 6.
-1450
Convert 2d59 (base 15) to base 9.
14343
Convert 4183 (base 10) to base 15.
138d
What is 1020 (base 4) in base 8?
110
Convert 22332 (base 4) to base 6.
3130
What is 25512 (base 6) in base 13?
19ac
What is 794 (base 10) in base 9?
1072
374b (base 13) to base 8
17235
Convert -6a (base 12) to base 11.
-75
What is -10100100100001 (base 2) in base 4?
-2210201
What is -12231011 (base 4) in base 10?
-27461
What is 10000110 (base 2) in base 6?
342
Convert -2004 (base 6) to base 12.
-304
-104 (base 5) to base 15
-1e
-1043 (base 7) to base 8
-566
Convert 1319 (base 12) to base 13.
cba
Convert cec (base 16) to base 2.
110011101100
239 (base 16) to base 9
702
Convert -13115 (base 11) to base 6.
-222523
What is -c404 (base 13) in base 9?
-41078
-1020534 (base 6) to base 4
-30010222
42 (base 16) to base 5
231
What is -6451 (base 7) in base 2?
-100011110010
1102032 (base 4) to base 12
3066
Convert -24517 (base 8) to base 11.
-7a44
What is 5656 (base 11) in base 14?
29d8
What is -4bb2 (base 14) in base 4?
-3033220
1061 (base 13) to base 15
a1b
What is -5574 (base 10) in base 12?
-3286
What is -1125 (base 6) in base 8?
-415
What is 4241 (base 11) in base 4?
1113223
What is 4f1 (base 16) in base 5?
20030
What is 562 (base 9) in base 7?
1226
What is -444 (base 5) in base 13?
-97
What is -696b (base 12) in base 5?
-333442
142b (base 16) to base 12
2ba3
-6578 (base 10) to base 13
-2cc0
40652 (base 9) to base 5
1324102
What is 11010110001110 (base 2) in base 4?
3112032
Convert 259 (base 10) to base 13.
16c
125 (base 11) to base 14
a8
1905 (base 11) to base 2
100101111001
653 (base 14) to base 7
3433
Convert 1100101001010 (base 2) to base 4.
1211022
What is -2481 (base 14) in base 16?
-18f1
What is -928 (base 11) in base 13?
-681
What is 1cb45 (base 13) in base 15?
11c96
Convert -1614 (base 12) to base 4.
-220300
What is -5100 (base 9) in base 13?
-1908
Convert -2210 (base 5) to base 10.
-305
-3c9b (base 13) to base 5
-234442
What is -1107 (base 8) in base 16?
-247
-11857 (base 11) to base 5
-1021002
-8004 (base 12) to base 4
-3120010
7304 (base 8) to base 16
ec4
What is 131003 (base 7) in base 2?
101111100100100
8488 (base 9) to base 8
14134
Convert -12211 (base 4) to base 3.
-120121
What is -11 (base 2) in base 15?
-3
What is -1070a (base 11) in base 8?
-36212
11020200 (base 4) to base 9
31750
Convert -32c (base 13) to base 15.
-265
Convert 7a6 (base 16) to base 6.
13022
6bfa (base 16) to base 6
331550
What is -2154 (base 6) in base 12?
-35a
Convert -6402 (base 10) to base 14.
-2494
What is 23 (base 11) in base 15?
1a
-324403 (base 6) to base 16
-6933
What is 11202201 (base 3) in base 13?
1774
What is 397 (base 11) in base 12?
331
What is -423243 (base 5) in base 4?
-3131312
307a (base 14) to base 6
102340
45206 (base 7) to base 8
26237
Convert 1333 (base 6) to base 5.
2340
Convert -12230203 (base 4) to base 14.
-9dd1
What is -41434 (base 7) in base 14?
-39c4
-11110101100110 (base 2) to base 13
-7201
What is 1100100110 (base 2) in base 13?
4a0
What is 116 (base 9) in base 7?
165
What is -231 (base 15) in base 8?
-760
Convert 844 (base 9) to base 5.
10223
What is 4370 (base 9) in base 3?
11102100
What is 2211010202 (base 3) in base 6?
1104545
Convert 18603 (base 11) to base 8.
62642
6415 (base 7) to base 2
100011011010
-15535 (base 10) to base 6
-155531
What is -1556 (base 7) in base 15?
-2be
Convert 15 (base 12) to base 16.
11
-1563 (base 8) to base 12
-617
10011000000000 (base 2) to base 6
113012
What is -b3 (base 12) in base 13?
-a5
Convert -a89 (base 16) to base 9.
-3626
37933 (base 10) to base 15
b38d
32031 (base 8) to base 4
3100121
What is -5423 (base 12) in base 6?
-110443
Convert 22021 (base 3) to base 7.
436
What is -112 (base 9) in base 16?
-5c
What is -24 (base 5) in base 16?
-e
Convert -331223 (base 4) to base 12.
-234b
What is 106643 (base 8) in base 7?
210466
-5411 (base 13) to base 8
-26633
What is 1b0c (base 14) in base 10?
4912
What is 28e (base 15) in base 6?
2412
What is -1259 (base 14) in base 15?
-e45
Convert 100100 (base 4) to base 8.
2020
-491 (base 13) to base 8
-1432
Convert -ab7 (base 15) to base 8.
-4566
What is 1121111212 (base 3) in base 14?
b7bb
Convert 458 (base 10) to base 7.
1223
-6002 (base 13) to base 6
-141012
What is -35726 (base 9) in base 3?
-1012210220
Convert -11000111110000 (base 2) to base 12.
-7494
Convert 945 (base 10) to base 11.
78a
11111111110 (base 2) to base 14
a62
-101001011 (base 2) to base 10
-331
What is -84 (base 15) in base 5?
-444
Convert 6 (base 9) to base 8.
6
276 (base 15) to base 9
683
103210 (base 5) to base 7
13236
What is -31033 (base 4) in base 5?
-11342
5101 (base 6) to base 16
45d
-211 (base 12) to base 8
-455
What is 2643 (base 9) in base 12?
1193
Convert 10022 (base 6) to base 8.
2436
Convert 6055 (base 10) to base 7.
23440
Convert -758 (base 9) to base 16.
-26c
What is -132776 (base 8) in base 13?
-1828b
Convert -11322 (base 6) to base 10.
-1634
-1100001001 (base 2) to base 3
-1001210
-611 (base 10) to base 14
-319
1112001 (base 3) to base 14
592
What is 1443 (base 11) in base 9?
2488
Convert 77c5 (base 14) to base 10.
20753
Convert 1393 (base 10) to base 4.
111301
-765 (base 16) to base 14
-993
Convert 535 (base 14) to base 16.
403
What is -17012 (base 13) in base 7?
-242102
What is -13a4c (base 13) in base 15?
-ae06
-15854 (base 10) to base 15
-4a6e
Convert 10a2 (base 11) to base 7.
4131
What is 1114 (base 9) in base 5?
11243
What is 167 (base 16) in base 15?
18e
Convert 1124 (base 14) to base 5.
43342
10000000110 (base 2) to base 16
406
